 3302654 is divided by 43.
39
What is the remainder when 58522286 is divided by 483655?
31
What is the remainder when 1748771 is divided by 386?
191
What is the remainder when 41060422 is divided by 2281134?
10
What is the remainder when 13980715 is divided by 26?
21
What is the remainder when 6534980 is divided by 142?
140
Calculate the remainder when 2297390 is divided by 28.
18
Calculate the remainder when 992896 is divided by 254.
10
Calculate the remainder when 482422138 is divided by 1562.
0
What is the remainder when 39828 is divided by 18434?
2960
What is the remainder when 13388192 is divided by 857?
138
Calculate the remainder when 32445223 is divided by 5325.
5323
What is the remainder when 2083436 is divided by 61?
42
What is the remainder when 315611393 is divided by 6299?
6297
Calculate the remainder when 1882520 is divided by 11145.
10160
Calculate the remainder when 32681 is divided by 6491.
226
What is the remainder when 59325 is divided by 5383?
112
Calculate the remainder when 8453109 is divided by 17.
12
What is the remainder when 3650456 is divided by 36143?
13
Calculate the remainder when 1490000 is divided by 1489734.
266
What is the remainder when 3257489 is divided by 6872?
161
Calculate the remainder when 2483553 is divided by 1271.
19
Calculate the remainder when 202915 is divided by 40497.
430
Calculate the remainder when 933362 is divided by 466614.
134
What is the remainder when 1210682 is divided by 4063?
3971
Calculate the remainder when 2968579 is divided by 1029.
943
Calculate the remainder when 35070854 is divided by 18.
14
Calculate the remainder when 3635312 is divided by 2146.
2134
What is the remainder when 955911 is divided by 9191?
47
What is the remainder when 2102887 is divided by 2122?
2107
What is the remainder when 15427 is divided by 3488?
1475
What is the remainder when 81772 is divided by 1299?
1234
What is the remainder when 3989099 is divided by 1388?
1375
Calculate the remainder when 726021 is divided by 238.
121
Calculate the remainder when 10989 is divided by 1479.
636
Calculate the remainder when 3219133 is divided by 881.
840
Calculate the remainder when 56890 is divided by 2401.
1667
What is the remainder when 9228444 is divided by 2307109?
8
What is the remainder when 80623 is divided by 1851?
1030
Calculate the remainder when 52823 is divided by 5084.
1983
What is the remainder when 11990399 is divided by 6883?
213
Calculate the remainder when 99810 is divided by 65.
35
What is the remainder when 33374 is divided by 4252?
3610
Calculate the remainder when 465001 is divided by 139.
46
What is the remainder when 1072907 is divided by 1?
0
Calculate the remainder when 230199 is divided by 6181.
1502
What is the remainder when 23300604 is divided by 17?
13
What is the remainder when 111757 is divided by 375?
7
What is the remainder when 17810 is divided by 15952?
1858
What is the remainder when 22342 is divided by 21909?
433
What is the remainder when 69845956 is divided by 19?
18
What is the remainder when 197870 is divided by 2355?
50
What is the remainder when 278488 is divided by 967?
959
What is the remainder when 4451574 is divided by 2284?
58
Calculate the remainder when 251165 is divided by 11935.
530
What is the remainder when 136018 is divided by 135768?
250
What is the remainder when 174919 is divided by 3106?
983
What is the remainder when 575581 is divided by 510?
301
What is the remainder when 95470 is divided by 95469?
1
Calculate the remainder when 93762398 is divided by 4.
2
Calculate the remainder when 711560559 is divided by 209.
204
What is the remainder when 105368 is divided by 393?
44
What is the remainder when 74027612 is divided by 368?
364
What is the remainder when 38133 is divided by 2111?
135
What is the remainder when 2407941 is divided by 19?
14
What is the remainder when 10805795 is divided by 1800950?
95
What is the remainder when 49441963 is divided by 772?
767
Calculate the remainder when 18912 is divided by 9223.
466
What is the remainder when 65199019 is divided by 1111?
1095
Calculate the remainder when 25070 is divided by 1440.
590
Calculate the remainder when 78785 is divided by 2630.
2515
What is the remainder when 1048840 is divided by 262203?
28
What is the remainder when 83951408 is divided by 5965?
5963
What is the remainder when 319632 is divided by 5035?
2427
What is the remainder when 1810179 is divided by 3835?
59
What is the remainder when 6634504 is divided by 28?
16
What is the remainder when 2165966 is divided by 67685?
46
What is the remainder when 1518930 is divided by 1130?
210
Calculate the remainder when 37636865 is divided by 6049.
6036
What is the remainder when 21023696 is divided by 100?
96
What is the remainder when 2779977 is divided by 926540?
357
Calculate the remainder when 4033807 is divided by 28.
15
Calculate the remainder when 202354 is divided by 511.
509
What is the remainder when 37517547 is divided by 7503502?
37
Calculate the remainder when 215497 is divided by 680.
617
Calculate the remainder when 863324 is divided by 86332.
4
What is the remainder when 1950563 is divided by 162?
83
What is the remainder when 260039538 is divided by 9287126?
10
Calculate the remainder when 7879259 is divided by 86585.
24
What is the remainder when 1808777 is divided by 9777?
32
What is the remainder when 1935524 is divided by 483881?
0
Calculate the remainder when 398935825 is divided by 4273.
4272
Calculate the remainder when 2207206 is divided by 346.
72
Calculate the remainder when 478097 is divided by 68266.
235
What is the remainder when 44601 is divided by 4164?
2961
Calculate the remainder when 19622849 is divided by 30423.
14
What is the remainder when 173747 is divided by 6955?
6827
Calculate the remainder when 14638205 is divided by 23534.
57
What is the remainder when 187283 is divided by 17016?
107
Calculate the remainder when 38679 is divided by 10121.
8316
Calculate the remainder when 30030219 is divided by 44.
43
Calculate the remainder when 2969989 is divided by 11379.
70
Calculate the remainder when 136985 is divided by 1209.
368
Calculate the remainder when 771154 is divided by 2545.
19
What is the remainder when 4317410 is divided by 1079352?
2
What is the remainder when 861778 is divided by 711?
46
What is the remainder when 816826 is divided by 2262?
244
What is the remainder when 843 is divided by 67?
39
Calculate the remainder when 509871 is divided by 509860.
11
What is the remainder when 45486234 is divided by 9110?
4
Calculate the remainder when 3906057 is divided by 244112.
265
What is the remainder when 135561 is divided by 131467?
4094
What is the remainder when 19080462 is divided by 208?
206
Calculate the remainder when 2739020 is divided by 114120.
140
What is the remainder when 188919910 is divided by 1241?
1239
Calculate the remainder when 118306 is divided by 5594.
832
Calculate the remainder when 217149 is divided by 26.
23
What is the remainder when 203313 is divided by 1614?
1563
Calculate the remainder when 12710161 is divided by 3177526.
57
What is the remainder when 24808 is divided by 180?
148
What is the remainder when 741634 is divided by 104?
10
Calculate the remainder when 185616 is divided by 841.
596
Calculate the remainder when 193192089 is divided by 1942.
1929
Calculate the remainder when 59429042 is divided by 49.
29
What is the remainder when 9036905 is divided by 233?
0
What is the remainder when 59074 is divided by 11690?
624
What is the remainder when 15978 is divided by 5324?
6
What is the remainder when 27823 is divided by 27053?
770
Calculate the remainder when 7160827 is divided by 550832.
11
What is the remainder when 88359 is divided by 571?
425
What is the remainder when 791587 is divided by 263822?
121
Calculate the remainder when 121190 is divided by 40179.
653
What is the remainder when 998808 is divided by 313?
25
What is the remainder when 61781256 is divided by 49425?
6
What is the remainder when 612214 is divided by 140?
134
What is the remainder when 495462 is divided by 28?
2
What is the remainder when 5202969 is divided by 780?
369
What is the remainder when 20642 is divided by 503?
19
What is the remainder when 800016 is divided by 30766?
100
Calculate 